7?
49
Calculate the highest common factor of 131952 and 48.
48
Calculate the highest common factor of 5144 and 488.
8
Calculate the greatest common factor of 91 and 11401.
13
What is the greatest common factor of 83680 and 288?
32
Calculate the highest common divisor of 45624 and 288.
24
What is the highest common divisor of 533 and 1432171?
533
Calculate the greatest common divisor of 4333 and 119.
7
Calculate the greatest common divisor of 708623 and 113.
113
What is the greatest common factor of 68 and 118796?
68
Calculate the greatest common divisor of 313074 and 24.
6
What is the highest common factor of 2407 and 2075?
83
What is the highest common divisor of 500745 and 14?
7
Calculate the highest common divisor of 2970 and 17490.
330
Calculate the highest common factor of 172 and 1432588.
172
What is the highest common divisor of 620469 and 639?
639
What is the greatest common divisor of 2317887 and 99?
99
Calculate the highest common divisor of 231 and 112483.
7
What is the highest common divisor of 64 and 18704?
16
Calculate the highest common factor of 5 and 3440665.
5
What is the highest common factor of 2586 and 6?
6
Calculate the highest common factor of 112 and 37688.
56
What is the highest common factor of 10851 and 27?
3
Calculate the greatest common factor of 124 and 26443.
31
What is the highest common divisor of 8341220 and 340?
340
What is the highest common factor of 1089 and 486090?
99
What is the greatest common divisor of 1120 and 330?
10
What is the greatest common divisor of 927 and 1376595?
927
What is the greatest common factor of 17 and 265625?
17
What is the highest common divisor of 4077 and 17667?
1359
What is the greatest common divisor of 772956 and 17?
17
Calculate the highest common factor of 18420 and 480.
60
Calculate the greatest common factor of 2121336 and 2760.
552
Calculate the highest common factor of 1257801 and 23.
23
Calculate the greatest common factor of 6 and 42162.
6
What is the highest common divisor of 15500 and 218240?
620
What is the greatest common divisor of 1145230 and 710?
710
Calculate the highest common factor of 354 and 2316.
6
What is the highest common divisor of 2607 and 1409518?
869
What is the greatest common factor of 126237 and 522?
87
What is the greatest common divisor of 2064 and 7104?
48
What is the highest common factor of 73 and 7?
1
What is the highest common divisor of 31698 and 13230?
54
What is the highest common factor of 4879 and 425?
17
Calculate the highest common factor of 77 and 597443.
77
What is the highest common divisor of 242 and 18271?
121
What is the highest common divisor of 110 and 464882?
22
Calculate the highest common factor of 186 and 1056852.
186
What is the greatest common divisor of 30663 and 9?
9
Calculate the greatest common factor of 118 and 8810942.
118
What is the greatest common divisor of 271 and 2869348?
271
What is the greatest common divisor of 1046768 and 272?
16
What is the greatest common divisor of 12 and 320748?
12
Calculate the highest common factor of 65 and 14075.
5
Calculate the greatest common factor of 258124 and 376.
188
What is the highest common divisor of 7 and 1851703?
7
Calculate the highest common factor of 580783 and 203.
203
Calculate the greatest common divisor of 237250 and 584.
146
Calculate the highest common factor of 37 and 531801.
37
Calculate the highest common divisor of 33 and 4227047.
11
Calculate the greatest common factor of 11936 and 22007.
373
Calculate the greatest common factor of 18 and 282033.
9
Calculate the highest common factor of 19852 and 1414.
14
Calculate the highest common factor of 1144 and 161920.
88
Calculate the highest common factor of 84720 and 240.
240
What is the highest common divisor of 106818 and 798?
114
Calculate the highest common factor of 7704 and 139742.
214
Calculate the highest common factor of 9329 and 133.
19
What is the highest common factor of 7070 and 6055?
35
Calculate the greatest common factor of 5973 and 23034.
33
Calculate the highest common factor of 3827 and 43430.
43
Calculate the highest common factor of 17941 and 704.
11
Calculate the greatest common factor of 3908 and 127987.
977
What is the greatest common divisor of 165656 and 32?
8
Calculate the greatest common divisor of 4275 and 3375.
225
What is the greatest common divisor of 25 and 1297?
1
Calculate the greatest common factor of 13608 and 693.
63
What is the highest common factor of 183846 and 1014?
78
What is the highest common divisor of 40859 and 1001?
91
Calculate the highest common factor of 1024 and 928.
32
What is the highest common factor of 4022881 and 201?
67
Calculate the highest common divisor of 936520 and 1664.
104
Calculate the highest common divisor of 185712 and 159.
159
Calculate the highest common divisor of 1221 and 1023.
33
What is the greatest common factor of 13080 and 49320?
120
What is the greatest common factor of 528 and 561?
33
Calculate the highest common factor of 3159 and 1209.
39
What is the greatest common factor of 3973 and 29841?
29
Calculate the greatest common factor of 508 and 5969.
127
Calculate the highest common factor of 1656 and 86549.
23
What is the highest common divisor of 384 and 93824?
128
What is the highest common factor of 49839 and 222?
111
Calculate the highest common divisor of 147 and 23863.
49
What is the greatest common divisor of 44093 and 63?
7
Calculate the greatest common divisor of 420 and 10628.
4
Calculate the highest common divisor of 5250769 and 29.
29
What is the highest common factor of 39696 and 400?
16
Calculate the highest common divisor of 543346 and 214.
214
What is the highest common divisor of 1888 and 17346?
118
What is the greatest common divisor of 1309 and 44429?
77
What is the greatest common factor of 23903 and 1353?
451
Calculate the highest common factor of 1244 and 13487448.
1244
Calculate the highest common factor of 12232 and 297.
11
What is the highest common divisor of 4640 and 5792?
32
What is the greatest common divisor of 8694 and 63?
63
Calculate the greatest common factor of 714 and 7266.
42
What is the highest common factor of 3180 and 129585?
795
Calculate the greatest common divisor of 2127 and 237515.
709
Calculate the highest common factor of 22568 and 14924.
364
Calculate the highest common factor of 44 and 16148.
44
Calculate the greatest common divisor of 4320 and 7008.
96
Calculate the greatest common divisor of 977405 and 130.
65
Calculate the highest common divisor of 285829 and 106.
53
What is the highest common factor of 10314 and 166170?
1146
Calculate the greatest common divisor of 3185 and 745535.
245
Calculate the highest common factor of 114994 and 22.
22
What is the greatest common factor of 10323 and 27342?
279
What is the greatest common divisor of 266454 and 393?
393
What is the greatest common factor of 60704 and 32?
32
Calculate the greatest common divisor of 855 and 978462.
171
Calculate the highest common factor of 55132 and 252.
28
Calculate the greatest common divisor of 81830 and 118.
2
What is the greatest common factor of 2255433 and 399?
57
What is the highest common divisor of 3785 and 17?
1
What is the highest common factor of 329 and 469?
7
Calculate the greatest common factor of 1444 and 1003941.
361
What is the greatest common factor of 1899 and 251723?
211
Calculate the greatest common divisor of 12480 and 10.
10
Calculate the highest common factor of 834819 and 153.
51
Calculate the highest common divisor of 12424 and 8.
8
Calculate the highest common factor of 60 and 6206916.
12
Calculate the greatest common factor of 4080 and 20415.
15
What is the greatest common divisor of 264273 and 6165?
411
What is the greatest common divisor of 63335 and 2151?
239
What is the greatest common divisor of 44156 and 26866?
266
What is the greatest common divisor of 688 and 8096?
16
Calculate the greatest common divisor of 110460 and 504.
84
What is the greatest common divisor of 1575 and 10?
5
What is the highest common divisor of 8119 and 8825?
353
What is the greatest common divisor of 468 and 2881632?
156
What is the greatest common factor of 5947 and 19?
19
What is the greatest common divisor of 621 and 152973?
207
What is the greatest common divisor of 1609259 and 4492?
11